igit of 989400?
9
What is the tens digit of 513259?
5
What is the ten thousands digit of 8171451?
7
What is the hundreds digit of 165656?
6
What is the millions digit of 6234200?
6
What is the hundreds digit of 151307?
3
What is the thousands digit of 5683538?
3
What is the hundred thousands digit of 6859262?
8
What is the ten thousands digit of 409815?
0
What is the ten thousands digit of 23122525?
2
What is the hundreds digit of 1045259?
2
What is the hundreds digit of 189916?
9
What is the units digit of 28572214?
4
What is the hundreds digit of 644305?
3
What is the units digit of 658108?
8
What is the tens digit of 3516696?
9
What is the hundred thousands digit of 3994706?
9
What is the ten thousands digit of 577114?
7
What is the thousands digit of 412391?
2
What is the ten thousands digit of 6233485?
3
What is the units digit of 1815520?
0
What is the units digit of 16307209?
9
What is the millions digit of 5341867?
5
What is the hundreds digit of 145264?
2
What is the units digit of 599901?
1
What is the thousands digit of 9567688?
7
What is the hundred thousands digit of 1806823?
8
What is the hundred thousands digit of 970128?
9
What is the tens digit of 3578455?
5
What is the ten thousands digit of 1246589?
4
What is the hundred thousands digit of 358982?
3
What is the ten millions digit of 15439179?
1
What is the hundreds digit of 288546?
5
What is the ten thousands digit of 463703?
6
What is the tens digit of 866225?
2
What is the units digit of 8813300?
0
What is the ten thousands digit of 7437233?
3
What is the ten thousands digit of 290583?
9
What is the ten thousands digit of 18400616?
0
What is the hundreds digit of 697939?
9
What is the thousands digit of 981701?
1
What is the units digit of 8615?
5
What is the units digit of 107179?
9
What is the hundred thousands digit of 523215?
5
What is the millions digit of 20319891?
0
What is the millions digit of 14129890?
4
What is the units digit of 3675664?
4
What is the ten thousands digit of 2077886?
7
What is the hundred thousands digit of 8268425?
2
What is the hundreds digit of 4848329?
3
What is the hundreds digit of 9911?
9
What is the tens digit of 11669204?
0
What is the millions digit of 5998471?
5
What is the tens digit of 1490136?
3
What is the millions digit of 36711021?
6
What is the hundreds digit of 142416?
4
What is the tens digit of 42433?
3
What is the millions digit of 14417989?
4
What is the hundred thousands digit of 618547?
6
What is the tens digit of 186013?
1
What is the thousands digit of 14482871?
2
What is the hundreds digit of 231876?
8
What is the millions digit of 1131538?
1
What is the hundred thousands digit of 1299624?
2
What is the units digit of 1880130?
0
What is the tens digit of 9493034?
3
What is the tens digit of 183972?
7
What is the units digit of 166289?
9
What is the ten thousands digit of 2821493?
2
What is the hundred thousands digit of 2432200?
4
What is the units digit of 8420376?
6
What is the hundreds digit of 127834?
8
What is the hundreds digit of 159898?
8
What is the millions digit of 4353016?
4
What is the tens digit of 433431?
3
What is the ten thousands digit of 2846969?
4
What is the hundred thousands digit of 1339115?
3
What is the units digit of 35194684?
4
What is the hundreds digit of 646532?
5
What is the units digit of 1879752?
2
What is the hundreds digit of 636610?
6
What is the hundred thousands digit of 983353?
9
What is the tens digit of 17570576?
7
What is the units digit of 769208?
8
What is the ten thousands digit of 856657?
5
What is the units digit of 1261573?
3
What is the tens digit of 714122?
2
What is the tens digit of 215963?
6
What is the hundred thousands digit of 1107515?
1
What is the hundred thousands digit of 489296?
4
What is the ten thousands digit of 170854?
7
What is the tens digit of 245011?
1
What is the tens digit of 326954?
5
What is the millions digit of 1856083?
1
What is the hundred thousands digit of 678846?
6
What is the tens digit of 2191177?
7
What is the hundreds digit of 3172078?
0
What is the thousands digit of 1906215?
6
What is the hundred thousands digit of 126588?
1
What is the ten thousands digit of 3266919?
6
What is the hundreds digit of 1532286?
2
What is the hundred thousands digit of 429335?
4
What is the units digit of 457212?
2
What is the units digit of 12520565?
5
What is the millions digit of 9198107?
9
What is the thousands digit of 1344072?
4
What is the tens digit of 30637277?
7
What is the thousands digit of 110083?
0
What is the hundreds digit of 536211?
2
What is the units digit of 417834?
4
What is the hundreds digit of 207725?
7
What is the units digit of 14847?
7
What is the ten millions digit of 10206527?
1
What is the hundreds digit of 960475?
4
What is the thousands digit of 489880?
9
What is the units digit of 10147020?
0
What is the hundred thousands digit of 16348440?
3
What is the ten thousands digit of 32184764?
8
What is the tens digit of 413679?
7
What is the ten thousands digit of 43367?
4
What is the units digit of 310177?
7
What is the hundred thousands digit of 736685?
7
What is the ten thousands digit of 297263?
9
What is the tens digit of 181707?
0
What is the millions digit of 5334223?
5
What is the hundred thousands digit of 35502735?
5
What is the millions digit of 11938522?
1
What is the millions digit of 11265040?
1
What is the ten thousands digit of 3679013?
7
What is the thousands digit of 2385954?
5
What is the ten thousands digit of 214753?
1
What is the ten thousands digit of 43053?
4
What is the tens digit of 105194?
9
What is the hundred thousands digit of 2695539?
6
What is the hundreds digit of 19726163?
1
What is the hundred thousands digit of 2166314?
1
What is the hundreds digit of 15936?
9
What is the units digit of 771330?
0
What is the hundred thousands digit of 215016?
2
What is the hundreds digit of 5879859?
8
What is the units digit of 312726?
6
What is the ten thousands digit of 59149?
5
What is the hundreds digit of 1575886?
8
What is the hundred thousands digit of 932175?
9
What is the hundreds digit of 1600446?
4
What is the ten thousands digit of 1469832?
6
What is the hundred thousands digit of 13938284?
9
What is the units digit of 80266?
6
What is the units digit of 36629046?
6
What is the thousands digit of 2173807?
3
What is the tens digit of 27515?
1
What is the tens digit of 81261?
6
What is the tens digit of 549073?
7
What is the tens digit of 715431?
3
What is the units digit of 4837?
7
What is the tens digit of 144832?
3
What is the ten thousands digit of 157942?
5
What is the hundred thousands digit of 2343369?
3
What is the hundreds digit of 504757?
7
What is the hundred thousands digit of 2006655?
0
What is the tens digit of 181248?
4
What is the thousands digit of 35060?
5
What is the thousands digit of 1034440?
4
What is the hundreds digit of 17793300?
3
What is the hundreds digit of 9458624?
6
What is the hundreds digit of 1589473?
4
What is the tens digit of 99233?
3
What is the units digit of 326206?
6
What is the ten thousands digit of 2702412?
0
What is the ten millions digit of 14199083?
1
What is the ten thousands digit of 7743620?
4
What is the thousands digit of 229573?
9
What is the millions digit of 3537923?
3
What is the tens digit of 129480?
8
What is the hundred thousands digit of 118528?
1
What is the tens digit of 1247115?
1
What is the hundred thousands digit of 5836138?
8
What is the hundred thousands digit of 381630?
3
What is the thousands digit of 15277518?
7
What is the millions digit of 1584095?
1
What is the tens digit of 1277818?
1
What is the hundred thousands digit of 19665352?
6
What is the hundreds digit of 365147?
1
What is the tens digit of 71276?
7
What is the tens digit of 492818?
1
What is the hundreds digit of 269256?
2
What is the units digit of 473054?
4
What is the ten thousands digit of 1287967?
8
What is the hundreds digit of 1644964?
9
What is the thousands digit of 157593?
7
What is the hundred thousands digit of 9813269?
8
What is the hundreds digit of 298377?
3
What is the tens digit of 1061153?
5
What is the ten thousands digit of 393759?
9
What is the hundreds digit of 207498?
4
What is the units digit of 15117894?
4
What is the thousands digit of